000
-2583 (base 10) to base 5
-40313
-111110 (base 4) to base 11
-1030
12 (base 14) to base 3
121
Convert 102224 (base 5) to base 7.
13012
1232232 (base 4) to base 3
100201110
Convert 219a (base 14) to base 10.
5820
What is -718 (base 12) in base 13?
-611
What is 2b09 (base 13) in base 4?
1201312
What is -cb (base 14) in base 10?
-179
110232010 (base 4) to base 5
10203433
Convert -11121 (base 3) to base 10.
-124
-23443 (base 5) to base 13
-a46
What is 120300 (base 4) in base 12?
b00
Convert 20110 (base 4) to base 15.
257
155 (base 13) to base 6
1035
Convert 101042 (base 7) to base 9.
25508
221a (base 15) to base 7
30031
What is -100000011001 (base 2) in base 8?
-4031
What is -1313 (base 7) in base 3?
-200112
What is 547 (base 12) in base 9?
1051
1000100101001 (base 2) to base 15
147d
-8 (base 14) to base 5
-13
-4307 (base 13) to base 9
-13675
Convert -75001 (base 9) to base 3.
-2112000001
2000 (base 6) to base 16
1b0
Convert -1000100 (base 3) to base 9.
-1010
What is -1031 (base 6) in base 3?
-22201
-11211 (base 5) to base 6
-3422
What is -20c (base 14) in base 16?
-194
What is 84411 (base 10) in base 6?
1450443
2074 (base 10) to base 2
100000011010
What is 165d (base 14) in base 12?
2397
-8 (base 9) to base 12
-8
What is -120122 (base 3) in base 14?
-222
-2025 (base 6) to base 7
-1211
What is -10111111110001 (base 2) in base 16?
-2ff1
Convert -23112313 (base 4) to base 13.
-18235
-19793 (base 12) to base 13
-14046
Convert 65aa (base 13) to base 11.
a70a
-65 (base 12) to base 16
-4d
What is -45363 (base 7) in base 5?
-332021
Convert 11155 (base 7) to base 12.
1781
What is a1 (base 13) in base 5?
1011
What is 2010 (base 8) in base 13?
615
What is 1110140 (base 5) in base 7?
110422
Convert -e2a (base 16) to base 9.
-4868
What is -2de0 (base 15) in base 13?
-4665
What is 23331 (base 4) in base 13?
46b
What is -65710 (base 8) in base 5?
-1340332
Convert 3430 (base 5) to base 16.
1ea
Convert 81dc (base 15) to base 11.
19679
11222 (base 4) to base 11
2aa
Convert -30362 (base 8) to base 2.
-11000011110010
201414 (base 5) to base 10
6484
What is 3222300 (base 4) in base 2?
11101010110000
What is a154 (base 14) in base 3?
1102000022
11111111011101 (base 2) to base 16
3fdd
Convert 11111100000 (base 2) to base 9.
2680
e7 (base 16) to base 15
106
What is 2100110001 (base 3) in base 8?
132254
Convert -7ff8 (base 16) to base 2.
-111111111111000
146 (base 13) to base 5
1402
What is -fa (base 16) in base 11?
-208
Convert 4331 (base 5) to base 3.
210220
What is 1652 (base 11) in base 12?
1282
What is -10100122121 (base 3) in base 10?
-66085
Convert -484 (base 9) to base 7.
-1111
What is 2012120 (base 4) in base 11?
6509
Convert -11343 (base 6) to base 8.
-3157
Convert 3002 (base 5) to base 7.
1046
Convert -7426 (base 13) to base 12.
-9387
-620 (base 10) to base 6
-2512
Convert 244211 (base 5) to base 11.
6aa0
What is -30540 (base 7) in base 10?
-7476
202210 (base 3) to base 15
276
Convert 3176 (base 9) to base 10.
2337
Convert -1011000011011111 (base 2) to base 14.
-12703
What is -1240 (base 6) in base 9?
-376
What is 563 (base 8) in base 9?
452
Convert 21b9 (base 16) to base 14.
3209
2030313 (base 4) to base 14
33dd
What is 3121 (base 8) in base 3?
2012220
-2319 (base 11) to base 15
-d80
3031 (base 10) to base 5
44111
207 (base 15) to base 3
121221
What is -6978 (base 12) in base 14?
-43da
What is 252 (base 7) in base 14?
99
15688 (base 12) to base 3
1112121212
Convert -109 (base 12) to base 13.
-ba
-2520 (base 16) to base 7
-36465
Convert -311322 (base 4) to base 15.
-1050
What is -3d02 (base 16) in base 14?
-5998
Convert -719 (base 10) to base 4.
-23033
Convert 562 (base 9) to base 13.
296
34472 (base 8) to base 2
11100100111010
802 (base 9) to base 2
1010001010
4805 (base 12) to base 8
17605
-678 (base 11) to base 7
-2236
What is 1d87 (base 16) in base 6?
54555
131301 (base 4) to base 14
9a1
What is 3110 (base 8) in base 11?
1232
Convert -5018 (base 13) to base 6.
-122542
20023 (base 4) to base 15
24d
Convert -4c4 (base 15) to base 16.
-43c
Convert -aa16 (base 11) to base 2.
-11100011001001
What is -202032 (base 5) in base 14?
-2537
Convert -8a1b (base 13) to base 4.
-10231122
5341 (base 9) to base 4
331111
What is 11112 (base 6) in base 15?
6db
What is -1020012 (base 3) in base 8?
-1600
-2011111021 (base 3) to base 9
-64437
What is -206a (base 13) in base 15?
-14dc
What is 320 (base 4) in base 12?
48
322222 (base 4) to base 7
13642
Convert -1154 (base 8) to base 12.
-438
-594 (base 10) to base 2
-1001010010
10300 (base 6) to base 3
1221000
Convert -36101 (base 7) to base 2.
-10010001011111
Convert -ea3 (base 16) to base 10.
-3747
-14624 (base 8) to base 13
-2c99
Convert a7c (base 15) to base 10.
2367
What is 1300 (base 4) in base 9?
134
What is -101010100101 (base 2) in base 16?
-aa5
What is 475a (base 15) in base 4?
3230320
What is -10b1b (base 14) in base 13?
-1562b
2075 (base 9) to base 14
7b0
What is -7c9 (base 14) in base 9?
-2111
Convert 11db4 (base 14) to base 15.
cee6
What is ca7 (base 14) in base 5?
34444
-3821 (base 9) to base 16
-b26
Convert -1451 (base 6) to base 15.
-1b1
Convert -53454 (base 6) to base 7.
-30205
Convert 101011101110 (base 2) to base 7.
11105
What is 36513 (base 7) in base 5?
301031
What is -100101010100100 (base 2) in base 6?
-224244
What is -44012 (base 5) in base 14?
-114b
What is -21121 (base 5) in base 4?
-112003
-975 (base 12) to base 4
-111221
950 (base 13) to base 12
b02
10340 (base 6) to base 15
653
What is 1832 (base 11) in base 3?
10012110
What is -65 (base 10) in base 14?
-49
Convert -3130 (base 9) to base 13.
-1077
Convert 10b (base 12) to base 13.
bc
What is 208 (base 13) in base 9?
424
What is a33d (base 15) in base 11?
239a9
What is 2671 (base 9) in base 8?
3730
What is 40b (base 12) in base 16?
24b
What is -1200000 (base 3) in base 4?
-102333
Convert -565 (base 11) to base 6.
-3044
Convert 2202 (base 5) to base 3.
102012
What is 603 (base 11) in base 4?
23121
-1560 (base 9) to base 13
-705
-11111100 (base 3) to base 7
-12360
Convert -1333 (base 6) to base 11.
-294
-51354 (base 7) to base 12
-7306
b27 (base 13) to base 5
30032
3456 (base 8) to base 7
5234
1935 (base 11) to base 16
99a
What is -216 (base 8) in base 7?
-262
What is 3ba8 (base 16) in base 7?
62345
-ead (base 16) to base 9
-5134
What is -1a7 (base 11) in base 16?
-ee
Convert 401 (base 11) to base 6.
2125
What is -223250 (base 6) in base 15?
-58e9
4203 (base 9) to base 2
110000001001
Convert 22111 (base 4) to base 10.
661
Convert -1001213 (base 4) to base 14.
-175d
Convert -46306 (base 9) to base 5.
-1441432
4753 (base 8) to base 10
2539
Convert -1240 (base 6) to base 13.
-1b0
-8d (base 16) to base 9
-166
Convert 100011101101 (base 2) to base 7.
6443
What is 102200 (base 3) in base 16?
13b
Convert 1031522 (base 6) to base 10.
50954
What is 545 (base 12) in base 5?
11043
What is -16334 (base 11) in base 3?
-1011120212
-68 (base 11) to base 8
-112
246 (base 14) to base 11
383
-169b (base 12) to base 8
-5227
What is -276 (base 15) in base 16?
-231
-122120 (base 3) to base 6
-2110
Convert 1024 (base 7) to base 9.
441
2152 (base 9) to base 6
11202
What is -100211 (base 3) in base 2?
-100001001
What is -1110111000101 (base 2) in base 14?
-2ac5
What is 2506 (base 8) in base 3?
1212000
-150030 (base 6) to base 8
-33702
Convert 300334 (base 6) to base 5.
1222313
-9eb0 (base 15) to base 11
-23348
-3e88 (base 15) to base 6
-142015
1c (base 15) to base 12
23
What is 14210 (base 5) in base 3?
1121201
1110011111 (base 2) to base 16
39f
What is -347 (base 8) in base 3?
-22120
Convert -1214 (base 6) to base 15.
-14d
What is -16873 (base 11) in base 10?
-23675
Convert 1100101110 (base 2) to base 11.
680
Convert -34337 (base 11) to base 3.
-2112002220
100002110 (base 3) to base 6
50403
Convert -20242 (base 5) to base 4.
-110222
What is 132e (base 16) in base 7?
20213
What is -40 (base 9) in base 14?
-28
What is -37574 (base 9) in base 13?
-b65c
Convert -22337 (base 11) to base 9.
-48331
10111101111 (base 2) to base 12
a67
Convert e94 (base 15) to base 4.
303121
Convert 50b (base 16) to base 14.
683
What is -2251 (base 7) in base 4?
-30310
What is -10012200 (base 3) in base 8?
-4444
Convert 2d2 (base 15) to base 6.
2555
What is -11616 (base 9) in base 11?
-5943
-